rue
Is 134183109 a composite number?
True
Is 34045093 a composite number?
True
Is 69916601 a prime number?
False
Is 19831369 a prime number?
True
Is 9383281 a prime number?
True
Is 1463135 composite?
True
Is 540139 a composite number?
False
Is 28572943 a composite number?
True
Is 78949721 prime?
True
Is 25941379 composite?
False
Is 12459647 prime?
False
Is 12885811 a prime number?
True
Is 90539663 composite?
False
Is 237389461 composite?
False
Is 3373627 a prime number?
True
Is 28009453 prime?
True
Is 7856491 prime?
False
Is 49676687 a prime number?
True
Is 30846373 composite?
False
Is 221056387 composite?
True
Is 5156719 a composite number?
False
Is 14213861 composite?
False
Is 64399 a composite number?
False
Is 36911 prime?
False
Is 4299179 prime?
True
Is 1290863 a prime number?
False
Is 1670099 composite?
True
Is 773657 a prime number?
True
Is 937439 composite?
True
Is 639533 prime?
True
Is 37256539 a composite number?
False
Is 6620057 prime?
True
Is 4329187 prime?
False
Is 1863347 composite?
False
Is 88540783 prime?
True
Is 4825307 a prime number?
True
Is 608351 a prime number?
False
Is 319001 a composite number?
False
Is 5694539 a composite number?
False
Is 3738887 a composite number?
True
Is 10586561 composite?
True
Is 256121731 a prime number?
False
Is 6335669 a prime number?
True
Is 3404378 composite?
True
Is 42421421 a composite number?
True
Is 283045657 a prime number?
True
Is 50759441 prime?
True
Is 197544561 a prime number?
False
Is 4167223 a composite number?
False
Is 4029769 prime?
False
Is 356243273 a composite number?
False
Is 1755599 a composite number?
False
Is 68338469 a composite number?
True
Is 3036949 composite?
False
Is 6633713 composite?
True
Is 105573799 a composite number?
True
Is 6187301 a prime number?
True
Is 23093737 a prime number?
False
Is 8657989 prime?
False
Is 234544081 composite?
True
Is 7825327 composite?
False
Is 112061 prime?
True
Is 9887971 prime?
True
Is 336953 a prime number?
False
Is 20163313 a prime number?
False
Is 1026753319 composite?
False
Is 320526431 composite?
False
Is 716205007 composite?
True
Is 14985038 composite?
True
Is 24531706 a prime number?
False
Is 84694189 a composite number?
True
Is 15890477 composite?
False
Is 52000139 composite?
False
Is 4817537 a composite number?
False
Is 2828767 prime?
True
Is 2329903 a composite number?
True
Is 2281966 a prime number?
False
Is 107663723 a composite number?
True
Is 16931107 composite?
True
Is 6605647 prime?
False
Is 216315307 composite?
True
Is 36029419 composite?
False
Is 1131293 a prime number?
False
Is 14647953 a composite number?
True
Is 526911767 a composite number?
False
Is 78633013 prime?
False
Is 1082797 a composite number?
True
Is 181496741 composite?
True
Is 5946013 prime?
False
Is 2058541 a composite number?
False
Is 50770327 prime?
False
Is 38276323 composite?
False
Is 14701847 prime?
False
Is 4473347 a composite number?
False
Is 62848867 a composite number?
False
Is 375929087 composite?
False
Is 115906891 a prime number?
True
Is 793957 composite?
False
Is 51958381 composite?
False
Is 11371153 a prime number?
True
Is 67972721 a composite number?
False
Is 163158319 a prime number?
True
Is 12852361 composite?
False
Is 15498353 prime?
False
Is 306673303 composite?
False
Is 16762609 composite?
True
Is 40778017 a prime number?
False
Is 58944677 a prime number?
False
Is 44594813 prime?
False
Is 5867857 a composite number?
False
Is 4659793 a composite number?
False
Is 789187 composite?
True
Is 45271549 a prime number?
False
Is 8104881 prime?
False
Is 241266709 a composite number?
True
Is 274514063 a composite number?
True
Is 15870637 composite?
False
Is 1920571 a composite number?
False
Is 100447 a composite number?
False
Is 1831667 composite?
False
Is 167448277 a prime number?
True
Is 1407811 composite?
False
Is 695281 a composite number?
False
Is 83410697 prime?
False
Is 49443431 a composite number?
True
Is 5397199 composite?
True
Is 93361 a prime number?
False
Is 5902139 prime?
True
Is 275094601 a prime number?
True
Is 18279707 composite?
False
Is 3702323 composite?
False
Is 781499 prime?
False
Is 43529527 a prime number?
True
Is 49209299 composite?
False
Is 9377027 composite?
True
Is 496426189 a prime number?
False
Is 5363179 a composite number?
False
Is 4861 a composite number?
False
Is 9901685 a composite number?
True
Is 7991209 composite?
False
Is 959321 prime?
False
Is 16243693 composite?
True
Is 4661033 prime?
False
Is 2138861 a composite number?
False
Is 26482093 a composite number?
True
Is 5268283 a prime number?
False
Is 7749341 a composite number?
True
Is 521747983 a composite number?
True
Is 5860843 a composite number?
False
Is 7736209 a composite number?
True
Is 3241771 a composite number?
True
Is 46673269 composite?
False
Is 1242691 composite?
True
Is 7392211 a composite number?
False
Is 418831 composite?
True
Is 183822091 composite?
False
Is 829841 a composite number?
False
Is 6036559 a composite number?
False
Is 21306023 a prime number?
True
Is 74467105 composite?
True
Is 71411 prime?
True
Is 1617809 a composite number?
False
Is 9430241 a prime number?
True
Is 29587153 a composite number?
False
Is 1149653 a composite number?
True
Is 5887279 composite?
False
Is 5028493 a composite number?
True
Is 342367 a prime number?
False
Is 1023887 a composite number?
True
Is 144689323 composite?
True
Is 55830517 a prime number?
True
Is 7263545 a prime number?
False
Is 6101293 a composite number?
True
Is 576881 a prime number?
True
Is 17887697 prime?
True
Is 149786047 composite?
True
Is 54269147 a prime number?
True
Is 631846211 a composite number?
False
Is 1025339 a composite number?
True
Is 2003359 a prime number?
True
Is 71728279 prime?
False
Is 15511039 a prime number?
False
Is 9556291 prime?
True
Is 104586259 a composite number?
False
Is 435176029 a prime number?
False
Is 57550821 a composite number?
True
Is 96165778 a prime number?
False
Is 69177443 a prime number?
False
Is 2424691 a prime number?
True
Is 9605897 composite?
True
Is 346259 a composite number?
False
Is 229138877 composite?
True
Is 90864757 a prime number?
True
Is 9459803 composite?
True
Is 36139659 composite?
True
Is 309977 a composite number?
False
Is 181783 prime?
False
Is 88330393 a composite number?
False
Is 158611 a composite number?
False
Is 16272523 a composite number?
True
Is 39494191 a prime number?
False
Is 1198297 composite?
False
Is 135854621 prime?
False
Is 2968481 composite?
True
Is 44877895 a prime number?
False
Is 144763301 composite?
False
Is 1487933 a composite number?
False
Is 50973089 prime?
False
Is 8094967 a composite number?
False
Is 1887671 a prime number?
True
Is 274433 composite?
True
Is 4469279 composite?
True
Is 310846391 composite?
True
Is 2649959 a composite number?
True
Is 477301 composite?
True
Is 120039749 prime?
True
Is 27270974 composite?
True
Is 2104862 composite?
True
Is 257179291 a prime number?
True
Is 14073973 a prime number?
False
Is 4385098 prime?
False
Is 19864799 prime?
True
Is 33924997 a prime number?
True
Is 302858 a composite number?
True
Is 251384299 a composite number?
True
Is 889922791 a prime number?
True
Is 10584703 prime?
True
Is 38021253 a prime number?
False
Is 21349453 a prime number?
True
Is 316963 prime?
False
Is 341839 composite?
False
Is 6214567 a prime number?
False
Is 26705573 prime?
True
Is 126751973 a prime number?
False
Is 166933891 a composite number?
False
Is 926269 composite?
True
Is 343813 a composite number?
False
Is 6486889 a prime number?
True
Is 12646781 composite?
True
Is 16625233 composite?
False
Is 6300779 prime?
False
Is 257957781 composite?
True
Is 39715363 composite?
True
Is 10707941 a prime number?
False
Is 284465347 prime?
False
Is 469641979 prime?
False
Is 124157233 a composite number?
True
Is 1165547 a prime number?
False
Is 237463741 a composite number?
False
Is 7357835 a composite number?
True
Is 535403 prime?
False
Is 10422163 a prime number?
True
Is 2574311 composite?
False
Is 39821 a prime number?
True
Is 4832729 composite?
True
Is 76594099 composite?
False
Is 9505381 prime?
True
Is 3098143 composite?
True
Is 9359057 prime?
True
Is 347658481 a composite number?
False
Is 26075849 a composite number?
True
Is 264004319 prime?
True
Is 18410801 prime?
True
Is 20499771 prime?
Fa